{"id":3856,"date":"2025-03-27T11:14:11","date_gmt":"2025-03-27T14:14:11","guid":{"rendered":"https:\/\/www.terapiaschinesas.com.br\/?post_type=product&#038;p=3856"},"modified":"2026-05-11T11:19:10","modified_gmt":"2026-05-11T14:19:10","slug":"pediatria-na-medicina-chinesa","status":"publish","type":"product","link":"https:\/\/www.terapiaschinesas.com.br\/index.php\/produto\/pediatria-na-medicina-chinesa\/","title":{"rendered":"Pediatria na Medicina Chinesa"},"content":{"rendered":"<p><img fetchpriority=\"high\" decoding=\"async\" class=\"alignleft wp-image-3857 size-medium\" src=\"https:\/\/www.terapiaschinesas.com.br\/wp-content\/uploads\/2025\/03\/TUMBNAIL-PEDIATRIA_gravado.jpg-300x240.png\" alt=\"\" width=\"300\" height=\"240\" srcset=\"https:\/\/www.terapiaschinesas.com.br\/wp-content\/uploads\/2025\/03\/TUMBNAIL-PEDIATRIA_gravado.jpg-300x240.png 300w, https:\/\/www.terapiaschinesas.com.br\/wp-content\/uploads\/2025\/03\/TUMBNAIL-PEDIATRIA_gravado.jpg-1024x819.png 1024w, https:\/\/www.terapiaschinesas.com.br\/wp-content\/uploads\/2025\/03\/TUMBNAIL-PEDIATRIA_gravado.jpg-768x614.png 768w, https:\/\/www.terapiaschinesas.com.br\/wp-content\/uploads\/2025\/03\/TUMBNAIL-PEDIATRIA_gravado.jpg-1140x912.png 1140w, https:\/\/www.terapiaschinesas.com.br\/wp-content\/uploads\/2025\/03\/TUMBNAIL-PEDIATRIA_gravado.jpg-600x480.png 600w, https:\/\/www.terapiaschinesas.com.br\/wp-content\/uploads\/2025\/03\/TUMBNAIL-PEDIATRIA_gravado.jpg-75x60.png 75w, https:\/\/www.terapiaschinesas.com.br\/wp-content\/uploads\/2025\/03\/TUMBNAIL-PEDIATRIA_gravado.jpg-113x90.png 113w, https:\/\/www.terapiaschinesas.com.br\/wp-content\/uploads\/2025\/03\/TUMBNAIL-PEDIATRIA_gravado.jpg.png 1350w\" sizes=\"(max-width: 300px) 100vw, 300px\" \/><\/p>\n<p>Cuidar de uma crian\u00e7a atrav\u00e9s da Medicina Chinesa \u00e9 um trabalho lindo e gratificante. \u00c9 o exerc\u00edcio do fazer terap\u00eautico, que tamb\u00e9m \u00e9 educativo. Ensinamos para os pais que existem caminhos de sa\u00fade, de combate \u00e0s doen\u00e7as e de preven\u00e7\u00e3o, que v\u00e3o al\u00e9m dos medicamentos alop\u00e1ticos. \u00c9 empoderar as fam\u00edlias, recuperando a sua autonomia nos cuidados amorosos e de la\u00e7os, com consci\u00eancia e responsabilidade. \u00c9, sobretudo, educar uma nova gera\u00e7\u00e3o para um relacionamento diferente com a sua pr\u00f3pria natureza, com os desequil\u00edbrios e desafios da sa\u00fade humana.<\/p>\n<p>A Pediatria foi provavelmente a primeira especializa\u00e7\u00e3o dentro da Medicina Chinesa.\u00a0<em>Zhan Zhong Jing<\/em>\u00a0(150\u2013219), um dos maiores mestres da hist\u00f3ria, j\u00e1 escreveu cap\u00edtulos dedicados ao tratamento infantil. Outro grande mestre que aprofundou sua pesquisa neste campo foi\u00a0<em>Sun Si Miao<\/em>\u00a0(581 a 682) que, no seu famoso livro,\u00a0<em>\u201cF\u00f3rmulas que Valem Mil Moedas de Ouro\u201d<\/em>, dedicou o cap\u00edtulo 5, intitulado\u00a0<em>\u201cVenerando a Raiz\u201d<\/em>\u00a0para a pediatria.<\/p>\n<p>As crian\u00e7as possuem caracter\u00edsticas fisiol\u00f3gicas \u00fanicas, que fazem com que o terapeuta de Medicina Chinesa tenha de conhecer seus m\u00e9todos pr\u00f3prios de diagn\u00f3stico, entendimento das patologias e seus desdobramentos e agravamentos, assim como as ferramentas terap\u00eauticas mais apropriadas e eficazes.<\/p>\n<p>A Massoterapia Chinesa Tui Na \u00e9 o principal m\u00e9todo de tratamento na inf\u00e2ncia. Seguido pela fitoterapia, que tamb\u00e9m possui vasta pesquisa sobre as f\u00f3rmulas cl\u00e1ssicas adequadas e seguras para as crian\u00e7as.<\/p>\n<p>Esse curso visa o aprofundamento na pediatria, dando ao terapeuta de medicina chinesa todos os recursos para tratar e educar as crian\u00e7as e as fam\u00edlias dentro dos princ\u00edpios e m\u00e9todos da Medicina Chinesa.<\/p>\n<p>Para isso, contamos com 60 horas de grava\u00e7\u00e3o em alta qualidade, com apostilas desenvolvidas especialmente para este curso, atrav\u00e9s das quais estudamos:<\/p>\n<ul>\n<li>Caracter\u00edsticas da fisiologia infantil;<\/li>\n<li>Sequ\u00eancias de massagem e f\u00f3rmulas fitoter\u00e1picas para bem-estar geral, para fortalecimento do organismo, preven\u00e7\u00e3o e para acalmar;<\/li>\n<li>Entendimento dos processos e etapas de desenvolvimento psicoemocional;<\/li>\n<li>M\u00e9todos espec\u00edficos de diagn\u00f3stico;<\/li>\n<li>Refinamento de cremes e \u00f3leos para a massagem pedi\u00e1trica;<\/li>\n<li>Tratamentos para:\n<ul>\n<li>C\u00f3lica;<\/li>\n<li>Diarreia;<\/li>\n<li>Constipa\u00e7\u00e3o;<\/li>\n<li>Gripe e resfriado;<\/li>\n<li>Asma e bronquite;<\/li>\n<li>Otite;<\/li>\n<li>Dor de garganta;<\/li>\n<li>Enurese;<\/li>\n<li>Choro noturno;<\/li>\n<li>Ins\u00f4nia;<\/li>\n<li>Denti\u00e7\u00e3o e dor de dente;<\/li>\n<li>Icter\u00edcia;<\/li>\n<li>Convuls\u00e3o;<\/li>\n<li>S\u00edndrome de Tourette;<\/li>\n<li>Dermatite at\u00f3pica (eczema);<\/li>\n<li>Sangramento nasal;<\/li>\n<li>TDAH \u2013 Transtorno de D\u00e9ficit de Aten\u00e7\u00e3o com Hiperatividade;<\/li>\n<li>TEA \u2013 Transtorno do Espectro Autista;<\/li>\n<li>Puberdade precoce.<\/li>\n<\/ul>\n<\/li>\n<\/ul>\n<p><strong>Professor:<\/strong>\u00a0Edgar Cantelli<\/p>\n<p><strong>Colabora\u00e7\u00e3o:<\/strong>\u00a0Helena Guimar\u00e3es<\/p>\n<p>Os professores Edgar Cantelli e Helena Guimar\u00e3es tem mais de 20 anos de exerc\u00edcio da Medicina Chinesa. Este curso \u00e9 uma nova vers\u00e3o, revisada e ampliada, da forma\u00e7\u00e3o em Pediatria ministrada em 2011. Al\u00e9m dos casos cl\u00ednicos de sucesso, os professores possuem a viv\u00eancia da pr\u00e1tica cotidiana e familiar, nos cuidados de sa\u00fade de seu filho Lucas, hoje com 15 anos.<\/p>\n<p><strong>Pr\u00e9-requisitos: <\/strong>profissional formado em Acupuntura ou Massoterapia Tui Na ou estudante de curso de forma\u00e7\u00e3o com 50% do curso completo. N\u00e3o \u00e9 necess\u00e1rio ser formado em Tui Na ou fitoterapia para ingressar no curso \u2013 as t\u00e9cnicas de massagem e as f\u00f3rmulas pr\u00f3prias para a pediatria ser\u00e3o ensinadas neste curso.<\/p>\n<p><strong>Professor:<\/strong>\u00a0<a href=\"https:\/\/www.terapiaschinesas.com.br\/index.php\/equipe\/\">Edgar Cantelli Gaspar<\/a><\/p>\n<h3>Investimento<\/h3>\n<p>Op\u00e7\u00e3o 1: R$3.600,00 no cart\u00e3o \u00e0 vista ou por parcelamento via PagSeguro<\/p>\n<p>Op\u00e7\u00e3o 2: Parcelamento em 6 parcelas de R$600,00 via pix &#8211; \u00a0<a href=\"https:\/\/api.whatsapp.com\/send?phone=5511994545359\"><strong>entre em contato para essa op\u00e7\u00e3o no Whatsapp: 11 99454-5359<\/strong><\/a><\/p>\n<h2>CURSO ONLINE \u2013 BENEF\u00cdCIOS<\/h2>\n<ul>\n<li><strong>Curso dispon\u00edvel na plataforma Google Classroom<\/strong>, muito f\u00e1cil e intuitiva de utilizar.<\/li>\n<li><strong>Linha do tempo<\/strong>\u00a0dispon\u00edvel em cada aula:\u00a0<strong>localize facilmente o conte\u00fado<\/strong>\u00a0que quer ver e rever.<\/li>\n<li><strong>Acesso vital\u00edcio<\/strong> (fa\u00e7a e refa\u00e7a as aulas quando quiser)<\/li>\n<\/ul>\n<p>Para d\u00favidas e informa\u00e7\u00f5es, escreva para\u00a0<a href=\"mailto:contato@terapiaschinesas.com.br\">contato@terapiaschinesas.com.br<\/a>\u00a0ou para o\u00a0<a href=\"https:\/\/api.whatsapp.com\/send?phone=5511994545359\"><strong>Whatsapp: 11 99454-5359<\/strong><\/a><\/p>\n<p><!-- notionvc: ad5f622a-1c19-4556-b322-5dc18ff8f6dc --><\/p>\n","protected":false},"excerpt":{"rendered":"<p>Esse curso visa o aprofundamento na pediatria, dando ao terapeuta de medicina chinesa todos os recursos para tratar e educar as crian\u00e7as e as fam\u00edlias dentro dos princ\u00edpios e m\u00e9todos da Medicina Chinesa.<\/p>\n<p>Para isso, contamos com 60 horas de grava\u00e7\u00e3o em alta qualidade, com apostilas desenvolvidas especialmente para este curso, atrav\u00e9s das quais estudamos:<\/p>\n<ul>\n<li>Caracter\u00edsticas da fisiologia infantil;<\/li>\n<li>Sequ\u00eancias de massagem e f\u00f3rmulas fitoter\u00e1picas para bem-estar geral, para fortalecimento do organismo, preven\u00e7\u00e3o e para acalmar;<\/li>\n<li>Entendimento dos processos e etapas de desenvolvimento psicoemocional;<\/li>\n<li>M\u00e9todos espec\u00edficos de diagn\u00f3stico;<\/li>\n<li>Refinamento de cremes e \u00f3leos para a massagem pedi\u00e1trica;<\/li>\n<li>Tratamentos para:\n<ul>\n<li>C\u00f3lica;<\/li>\n<li>Diarreia;<\/li>\n<li>Constipa\u00e7\u00e3o;<\/li>\n<li>Gripe e resfriado;<\/li>\n<li>Asma e bronquite;<\/li>\n<li>Otite;<\/li>\n<li>Dor de garganta;<\/li>\n<li>Enurese;<\/li>\n<li>Choro noturno;<\/li>\n<li>Ins\u00f4nia;<\/li>\n<li>Denti\u00e7\u00e3o e dor de dente;<\/li>\n<li>Icter\u00edcia;<\/li>\n<li>Convuls\u00e3o;<\/li>\n<li>S\u00edndrome de Tourette;<\/li>\n<li>Dermatite at\u00f3pica (eczema);<\/li>\n<li>Sangramento nasal;<\/li>\n<li>TDAH \u2013 Transtorno de D\u00e9ficit de Aten\u00e7\u00e3o com Hiperatividade;<\/li>\n<li>TEA \u2013 Transtorno do Espectro Autista;<\/li>\n<li>Puberdade precoce.<\/li>\n<\/ul>\n<\/li>\n<\/ul>\n","protected":false},"featured_media":3858,"template":"","meta":[],"product_brand":[],"product_cat":[459],"product_tag":[461,561,562,559,556,507,560,493,544,543,555,547,558,557,506],"class_list":{"0":"post-3856","1":"product","2":"type-product","3":"status-publish","4":"has-post-thumbnail","6":"product_cat-sem-categoria","7":"product_tag-acupuntura","8":"product_tag-asma","9":"product_tag-bronquite","10":"product_tag-colica","11":"product_tag-criancas","12":"product_tag-fitoterapia","13":"product_tag-massoterapia","14":"product_tag-medicina-chinesa","15":"product_tag-medicina-tradicional-chinesa","16":"product_tag-mtc","17":"product_tag-pediatria","18":"product_tag-puerperio","19":"product_tag-tdah","20":"product_tag-tea","21":"product_tag-tui-na","23":"first","24":"instock","25":"virtual","26":"purchasable","27":"product-type-simple"},"acf":[],"jetpack_sharing_enabled":true,"_links":{"self":[{"href":"https:\/\/www.terapiaschinesas.com.br\/index.php\/wp-json\/wp\/v2\/product\/3856","targetHints":{"allow":["GET"]}}],"collection":[{"href":"https:\/\/www.terapiaschinesas.com.br\/index.php\/wp-json\/wp\/v2\/product"}],"about":[{"href":"https:\/\/www.terapiaschinesas.com.br\/index.php\/wp-json\/wp\/v2\/types\/product"}],"wp:featuredmedia":[{"embeddable":true,"href":"https:\/\/www.terapiaschinesas.com.br\/index.php\/wp-json\/wp\/v2\/media\/3858"}],"wp:attachment":[{"href":"https:\/\/www.terapiaschinesas.com.br\/index.php\/wp-json\/wp\/v2\/media?parent=3856"}],"wp:term":[{"taxonomy":"product_brand","embeddable":true,"href":"https:\/\/www.terapiaschinesas.com.br\/index.php\/wp-json\/wp\/v2\/product_brand?post=3856"},{"taxonomy":"product_cat","embeddable":true,"href":"https:\/\/www.terapiaschinesas.com.br\/index.php\/wp-json\/wp\/v2\/product_cat?post=3856"},{"taxonomy":"product_tag","embeddable":true,"href":"https:\/\/www.terapiaschinesas.com.br\/index.php\/wp-json\/wp\/v2\/product_tag?post=3856"}],"curies":[{"name":"wp","href":"https:\/\/api.w.org\/{rel}","templated":true}]}}