{"id":3887,"date":"2025-08-12T18:06:00","date_gmt":"2025-08-12T21:06:00","guid":{"rendered":"https:\/\/www.terapiaschinesas.com.br\/?post_type=product&#038;p=3887"},"modified":"2025-11-30T20:51:08","modified_gmt":"2025-11-30T23:51:08","slug":"curso-online-de-estudos-de-caso","status":"publish","type":"product","link":"https:\/\/www.terapiaschinesas.com.br\/index.php\/produto\/curso-online-de-estudos-de-caso\/","title":{"rendered":"Curso Online de Estudos de Caso"},"content":{"rendered":"<p>&nbsp;<\/p>\n<p><img fetchpriority=\"high\" decoding=\"async\" class=\"aligncenter wp-image-3890 size-large\" src=\"https:\/\/www.terapiaschinesas.com.br\/wp-content\/uploads\/2025\/08\/CURSO-Online-de-estudos-de-caso-819x1024.png\" alt=\"\" width=\"819\" height=\"1024\" srcset=\"https:\/\/www.terapiaschinesas.com.br\/wp-content\/uploads\/2025\/08\/CURSO-Online-de-estudos-de-caso-819x1024.png 819w, https:\/\/www.terapiaschinesas.com.br\/wp-content\/uploads\/2025\/08\/CURSO-Online-de-estudos-de-caso-240x300.png 240w, https:\/\/www.terapiaschinesas.com.br\/wp-content\/uploads\/2025\/08\/CURSO-Online-de-estudos-de-caso-768x960.png 768w, https:\/\/www.terapiaschinesas.com.br\/wp-content\/uploads\/2025\/08\/CURSO-Online-de-estudos-de-caso-600x750.png 600w, https:\/\/www.terapiaschinesas.com.br\/wp-content\/uploads\/2025\/08\/CURSO-Online-de-estudos-de-caso.png 1080w\" sizes=\"(max-width: 819px) 100vw, 819px\" \/><\/p>\n<p>A aplica\u00e7\u00e3o eficaz das terapias da Medicina Chinesa na pr\u00e1tica cl\u00ednica, tais como a acupuntura e a fitoterapia, exige a capacidade de entendimento completo de quadros complexos, nos quais o paciente apresenta s\u00edndromes simult\u00e2neas.\u00a0N\u00e3o \u00e9 incomum nestes tratamentos existirem disfun\u00e7\u00f5es profundas em mais de um \u00d3rg\u00e3o (Zang), associadas a intera\u00e7\u00f5es clim\u00e1ticas e a desordens obstrutivas que comprometem a estrutura ou a fun\u00e7\u00e3o do aparelho m\u00fasculo esquel\u00e9tico (S\u00edndromes B\u00ec).<\/p>\n<p>Este Curso Online de Estudos de Caso conta com material constitu\u00eddo por fichas de paciente, anota\u00e7\u00f5es de aula e mais de 9 horas de grava\u00e7\u00e3o em v\u00eddeo registradas no Retiro de Estudos de Caso, realizado dos dias 25 a 27 de julho de 2025. Visa a pr\u00e1tica sobre quadros complexos, atrav\u00e9s do debate entre os terapeutas, al\u00e9m da transmiss\u00e3o dos m\u00e9todos e da experi\u00eancia cl\u00ednica do Prof. Edgar, proporcionando o refinamento e o ganho de maturidade para os participantes.<\/p>\n<p>Para isso, estudamos exclusivamente casos reais, trazidos pelo Prof. Edgar, com o detalhamento do Diagn\u00f3stico, da Diferencia\u00e7\u00e3o, das terapias utilizadas nos casos (Acupuntura, Fitoterapia, Tui Na) e tamb\u00e9m a evolu\u00e7\u00e3o do caso, com os ajustes cl\u00ednicos realizados ao longo do seu tratamento.<\/p>\n<p>Estudamos casos que envolvem tratamento de:<\/p>\n<ul>\n<li class=\"cvGsUA direction-ltr align-start para-style-body\"><span class=\"OYPEnA font-feature-liga-off font-feature-clig-off font-feature-calt-off text-decoration-none text-strikethrough-none\">Queda de cabelo<\/span><\/li>\n<li class=\"cvGsUA direction-ltr align-start para-style-body\"><span class=\"OYPEnA font-feature-liga-off font-feature-clig-off font-feature-calt-off text-decoration-none text-strikethrough-none\">Lombalgia<\/span><\/li>\n<li class=\"cvGsUA direction-ltr align-start para-style-body\"><span class=\"OYPEnA font-feature-liga-off font-feature-clig-off font-feature-calt-off text-decoration-none text-strikethrough-none\">Ansiedade<\/span><\/li>\n<li class=\"cvGsUA direction-ltr align-start para-style-body\"><span class=\"OYPEnA font-feature-liga-off font-feature-clig-off font-feature-calt-off text-decoration-none text-strikethrough-none\">Dor no joelho<\/span><\/li>\n<li class=\"cvGsUA direction-ltr align-start para-style-body\"><span class=\"OYPEnA font-feature-liga-off font-feature-clig-off font-feature-calt-off text-decoration-none text-strikethrough-none\">Esclerose m\u00faltipla<\/span><\/li>\n<li class=\"cvGsUA direction-ltr align-start para-style-body\"><span class=\"OYPEnA font-feature-liga-off font-feature-clig-off font-feature-calt-off text-decoration-none text-strikethrough-none\">Problemas digest\u00f3rios<\/span><\/li>\n<li class=\"cvGsUA direction-ltr align-start para-style-body\"><span class=\"OYPEnA font-feature-liga-off font-feature-clig-off font-feature-calt-off text-decoration-none text-strikethrough-none\">Enurese noturna<\/span><\/li>\n<li>Ginecologia<\/li>\n<li class=\"cvGsUA direction-ltr align-start para-style-body\"><span class=\"OYPEnA font-feature-liga-off font-feature-clig-off font-feature-calt-off text-decoration-none text-strikethrough-none\">e mais!<\/span><\/li>\n<\/ul>\n<p><strong>Pr\u00e9-requisitos:\u00a0<\/strong>profissional formado em Acupuntura ou estudante de curso de forma\u00e7\u00e3o com 50% do curso completo.<\/p>\n<p><strong>Professor:<\/strong>\u00a0<a href=\"https:\/\/www.terapiaschinesas.com.br\/index.php\/equipe\/\">Edgar Cantelli Gaspar<\/a><\/p>\n<h3>Investimento<\/h3>\n<ul>\n<li>R$630,00 via PagSeguro ou via pix \u2013 \u00a0<a href=\"https:\/\/api.whatsapp.com\/send?phone=5511994545359\"><strong>entre em contato para essa op\u00e7\u00e3o no Whatsapp: 11 99454-5359<\/strong><\/a><\/li>\n<\/ul>\n<h2>CURSO ONLINE \u2013 BENEF\u00cdCIOS<\/h2>\n<ul>\n<li><strong>Curso dispon\u00edvel na plataforma Google Classroom<\/strong>, muito f\u00e1cil e intuitiva de utilizar.<\/li>\n<li><strong>Linha do tempo<\/strong>\u00a0dispon\u00edvel em cada aula:\u00a0<strong>localize facilmente o conte\u00fado<\/strong>\u00a0que quer ver e rever.<\/li>\n<li><strong>Acesso vital\u00edcio<\/strong>\u00a0(fa\u00e7a e refa\u00e7a as aulas quando quiser)<\/li>\n<\/ul>\n<p>Para d\u00favidas e informa\u00e7\u00f5es, escreva para\u00a0<a href=\"mailto:contato@terapiaschinesas.com.br\">contato@terapiaschinesas.com.br<\/a>\u00a0ou para o\u00a0<a href=\"https:\/\/api.whatsapp.com\/send?phone=5511994545359\"><strong>Whatsapp: 11 99454-5359<\/strong><\/a><\/p>\n","protected":false},"excerpt":{"rendered":"<p>Este Curso Online de Estudos de Caso conta com material constitu\u00eddo por fichas de paciente, anota\u00e7\u00f5es de aula e mais de 9 horas de grava\u00e7\u00e3o em v\u00eddeo registradas no Retiro de Estudos de Caso, realizado dos dias 25 a 27 de julho de 2025. Visa a pr\u00e1tica sobre quadros complexos, atrav\u00e9s do debate entre os terapeutas, al\u00e9m da transmiss\u00e3o dos m\u00e9todos e da experi\u00eancia cl\u00ednica do Prof. Edgar, proporcionando o refinamento e o ganho de maturidade para os participantes.<\/p>\n","protected":false},"featured_media":3888,"template":"","meta":[],"product_brand":[],"product_cat":[459],"product_tag":[569,566,490,567,491,568,570],"class_list":{"0":"post-3887","1":"product","2":"type-product","3":"status-publish","4":"has-post-thumbnail","6":"product_cat-sem-categoria","7":"product_tag-ansiedade","8":"product_tag-curso-online","9":"product_tag-diagnostico","10":"product_tag-estudos-de-caso","11":"product_tag-ginecologia","12":"product_tag-queda-de-cabelo","13":"product_tag-tratamento","15":"first","16":"instock","17":"shipping-taxable","18":"purchasable","19":"product-type-simple"},"jetpack_sharing_enabled":true,"acf":[],"_links":{"self":[{"href":"https:\/\/www.terapiaschinesas.com.br\/index.php\/wp-json\/wp\/v2\/product\/3887","targetHints":{"allow":["GET"]}}],"collection":[{"href":"https:\/\/www.terapiaschinesas.com.br\/index.php\/wp-json\/wp\/v2\/product"}],"about":[{"href":"https:\/\/www.terapiaschinesas.com.br\/index.php\/wp-json\/wp\/v2\/types\/product"}],"wp:featuredmedia":[{"embeddable":true,"href":"https:\/\/www.terapiaschinesas.com.br\/index.php\/wp-json\/wp\/v2\/media\/3888"}],"wp:attachment":[{"href":"https:\/\/www.terapiaschinesas.com.br\/index.php\/wp-json\/wp\/v2\/media?parent=3887"}],"wp:term":[{"taxonomy":"product_brand","embeddable":true,"href":"https:\/\/www.terapiaschinesas.com.br\/index.php\/wp-json\/wp\/v2\/product_brand?post=3887"},{"taxonomy":"product_cat","embeddable":true,"href":"https:\/\/www.terapiaschinesas.com.br\/index.php\/wp-json\/wp\/v2\/product_cat?post=3887"},{"taxonomy":"product_tag","embeddable":true,"href":"https:\/\/www.terapiaschinesas.com.br\/index.php\/wp-json\/wp\/v2\/product_tag?post=3887"}],"curies":[{"name":"wp","href":"https:\/\/api.w.org\/{rel}","templated":true}]}}