{"id":3978,"date":"2026-05-04T10:02:38","date_gmt":"2026-05-04T13:02:38","guid":{"rendered":"https:\/\/www.terapiaschinesas.com.br\/?post_type=product&#038;p=3978"},"modified":"2026-05-04T10:10:17","modified_gmt":"2026-05-04T13:10:17","slug":"doencas-respiratorias-pela-medicina-chinesa","status":"publish","type":"product","link":"https:\/\/www.terapiaschinesas.com.br\/index.php\/produto\/doencas-respiratorias-pela-medicina-chinesa\/","title":{"rendered":"Doen\u00e7as Respirat\u00f3rias pela Medicina Chinesa"},"content":{"rendered":"<p><img fetchpriority=\"high\" decoding=\"async\" class=\"alignleft size-medium wp-image-3979\" src=\"https:\/\/www.terapiaschinesas.com.br\/wp-content\/uploads\/2026\/05\/Doencas-Respiratorias-imagem-produto-300x300.png\" alt=\"\" width=\"300\" height=\"300\" srcset=\"https:\/\/www.terapiaschinesas.com.br\/wp-content\/uploads\/2026\/05\/Doencas-Respiratorias-imagem-produto-300x300.png 300w, https:\/\/www.terapiaschinesas.com.br\/wp-content\/uploads\/2026\/05\/Doencas-Respiratorias-imagem-produto-150x150.png 150w, https:\/\/www.terapiaschinesas.com.br\/wp-content\/uploads\/2026\/05\/Doencas-Respiratorias-imagem-produto-768x768.png 768w, https:\/\/www.terapiaschinesas.com.br\/wp-content\/uploads\/2026\/05\/Doencas-Respiratorias-imagem-produto-75x75.png 75w, https:\/\/www.terapiaschinesas.com.br\/wp-content\/uploads\/2026\/05\/Doencas-Respiratorias-imagem-produto-600x600.png 600w, https:\/\/www.terapiaschinesas.com.br\/wp-content\/uploads\/2026\/05\/Doencas-Respiratorias-imagem-produto-100x100.png 100w, https:\/\/www.terapiaschinesas.com.br\/wp-content\/uploads\/2026\/05\/Doencas-Respiratorias-imagem-produto.png 1000w\" sizes=\"(max-width: 300px) 100vw, 300px\" \/><\/p>\n<ul>\n<li style=\"list-style-type: none;\">\n<ul>\n<li>Os quadros respirat\u00f3rios sempre foram considerados de enorme complexidade e de dificuldade terap\u00eautica na hist\u00f3ria da Medicina Chinesa. Na vis\u00e3o desta Medicina, o Pulm\u00e3o \u00e9 o \u00fanico \u00d3rg\u00e3o que tem contato direto com o meio exterior. Isso faz com a intera\u00e7\u00e3o com as din\u00e2micas do clima e dos agentes patog\u00eanicos exteriores seja um desafio imenso, ainda mais em regi\u00f5es do planeta, como em S\u00e3o Paulo, que o clima muda r\u00e1pida e drasticamente. Al\u00e9m do clima, lidamos tamb\u00e9m cotidianamente com fatores agravantes como polui\u00e7\u00e3o, queimadas, ar condicionado, dentre outros. Toda essa complexidade ainda interage com a fisiologia interna do Pulm\u00e3o, que \u00e9 acometido diretamente pelos estados emocionais melanc\u00f3licos e depressivos, muito presentes na nossa sociedade.\n<p>Prof. Edgar Cantelli, com mais de 20 anos de experi\u00eancia, traz o Curso de Doen\u00e7as Respirat\u00f3rias pela Medicina Chinesa totalmente reformulado, refinando todos os tratamentos e agregando toda a experi\u00eancia de tratamento dos seus pacientes e orienta\u00e7\u00f5es de caso durante a pandemia de COVID-19.<\/li>\n<\/ul>\n<\/li>\n<\/ul>\n<p class=\"cvGsUA direction-ltr align-start para-style-body\"><span class=\"a_GcMg font-feature-liga-off font-feature-clig-off font-feature-calt-off text-decoration-none text-strikethrough-none\">Esperamos que atrav\u00e9s deste profundo mergulho das afec\u00e7\u00f5es respirat\u00f3rias possamos beneficiar nossos pacientes no uso das nossas poderosas ferramentas de fitoterapia, acupuntura e Tui Na.<\/span><\/p>\n<p class=\"cvGsUA direction-ltr align-start para-style-body\"><span class=\"a_GcMg font-feature-liga-off font-feature-clig-off font-feature-calt-off text-decoration-none text-strikethrough-none\">Este curso online \u00e9 resultado de mais de 27 horas de grava\u00e7\u00f5es de aulas presenciais do Prof. Edgar e de materiais exclusivos desta forma\u00e7\u00e3o, como apostilas e infogr\u00e1ficos para o estudo <\/span><span class=\"a_GcMg font-feature-liga-off font-feature-clig-off font-feature-calt-off text-decoration-none text-strikethrough-none\">das f\u00f3rmulas <\/span><span class=\"a_GcMg font-feature-liga-off font-feature-clig-off font-feature-calt-off text-decoration-none text-strikethrough-none\">fitoter\u00e1picas.<\/span><\/p>\n<p><strong>Pr\u00e9-requisitos: <\/strong>profissional formado em Acupuntura ou Massoterapia Tui Na ou estudante de curso de forma\u00e7\u00e3o com 50% do curso completo.<\/p>\n<p><strong>Professor:<\/strong>\u00a0<a href=\"https:\/\/www.terapiaschinesas.com.br\/index.php\/equipe\/\">Edgar Cantelli Gaspar<\/a><\/p>\n<h3>Investimento<\/h3>\n<p>Parcelamento em 3 parcelas de R$700,00 via pix &#8211; \u00a0<a href=\"https:\/\/api.whatsapp.com\/send?phone=5511994545359\"><strong>entre em contato para essa op\u00e7\u00e3o no Whatsapp: 11 99454-5359<\/strong><\/a><\/p>\n<h2>CURSO ONLINE \u2013 BENEF\u00cdCIOS<\/h2>\n<ul>\n<li><strong>Curso dispon\u00edvel na plataforma Google Classroom<\/strong>, muito f\u00e1cil e intuitiva de utilizar.<\/li>\n<li><strong>Linha do tempo<\/strong>\u00a0dispon\u00edvel em cada aula:\u00a0<strong>localize facilmente o conte\u00fado<\/strong>\u00a0que quer ver e rever.<\/li>\n<li><strong>Acesso vital\u00edcio<\/strong> (fa\u00e7a e refa\u00e7a as aulas quando quiser)<\/li>\n<\/ul>\n<p>Para d\u00favidas e informa\u00e7\u00f5es, escreva para\u00a0<a href=\"mailto:contato@terapiaschinesas.com.br\">contato@terapiaschinesas.com.br<\/a>\u00a0ou para o\u00a0<a href=\"https:\/\/api.whatsapp.com\/send?phone=5511994545359\"><strong>Whatsapp: 11 99454-5359<\/strong><\/a><\/p>\n<p><!-- notionvc: ad5f622a-1c19-4556-b322-5dc18ff8f6dc --><\/p>\n","protected":false},"excerpt":{"rendered":"<p><span class=\"a_GcMg font-feature-liga-off font-feature-clig-off font-feature-calt-off text-decoration-none text-strikethrough-none\">Nesta reformula\u00e7\u00e3o do curso de Doen\u00e7as Respirat\u00f3rias, aprofundamos nas Teorias dos 6 N\u00edveis e dos 4 Est\u00e1gios, para obtermos precis\u00e3o na lida com os fatores patog\u00eanicos clim\u00e1ticos, geradores de uma gama imensa de quadros, como gripes, resfriados, sinusites e rinites. Estudamos tamb\u00e9m a intera\u00e7\u00e3o com as condi\u00e7\u00f5es internas, atrav\u00e9s do detalhamento de todos os 14 tipos de Asma e Bronquite na Medicina Chinesa.\u00a0<\/span><span class=\"a_GcMg font-feature-liga-off font-feature-clig-off font-feature-calt-off text-decoration-none text-strikethrough-none\">Esperamos que atrav\u00e9s deste profundo mergulho das afec\u00e7\u00f5es respirat\u00f3rias possamos beneficiar nossos pacientes no uso das nossas poderosas ferramentas de fitoterapia, acupuntura e Tui Na.<\/span><\/p>\n<p class=\"cvGsUA direction-ltr align-start para-style-body\"><span class=\"a_GcMg font-feature-liga-off font-feature-clig-off font-feature-calt-off text-decoration-none text-strikethrough-none\">Este curso online \u00e9 resultado de mais de 27 horas de grava\u00e7\u00f5es de aulas presenciais do Prof. Edgar e de materiais exclusivos desta forma\u00e7\u00e3o, como apostilas e infogr\u00e1ficos para o estudo <\/span><span class=\"a_GcMg font-feature-liga-off font-feature-clig-off font-feature-calt-off text-decoration-none text-strikethrough-none\">das f\u00f3rmulas <\/span><span class=\"a_GcMg font-feature-liga-off font-feature-clig-off font-feature-calt-off text-decoration-none text-strikethrough-none\">fitoter\u00e1picas.<\/span><\/p>\n","protected":false},"featured_media":3979,"template":"","meta":[],"product_brand":[],"product_cat":[459],"product_tag":[461,561,562,556,507,588,560,493,544,543,589,591,590,506],"class_list":{"0":"post-3978","1":"product","2":"type-product","3":"status-publish","4":"has-post-thumbnail","6":"product_cat-sem-categoria","7":"product_tag-acupuntura","8":"product_tag-asma","9":"product_tag-bronquite","10":"product_tag-criancas","11":"product_tag-fitoterapia","12":"product_tag-gripe","13":"product_tag-massoterapia","14":"product_tag-medicina-chinesa","15":"product_tag-medicina-tradicional-chinesa","16":"product_tag-mtc","17":"product_tag-resfriado","18":"product_tag-rinite","19":"product_tag-sinusite","20":"product_tag-tui-na","22":"first","23":"instock","24":"virtual","25":"purchasable","26":"product-type-simple"},"jetpack_sharing_enabled":true,"acf":[],"_links":{"self":[{"href":"https:\/\/www.terapiaschinesas.com.br\/index.php\/wp-json\/wp\/v2\/product\/3978","targetHints":{"allow":["GET"]}}],"collection":[{"href":"https:\/\/www.terapiaschinesas.com.br\/index.php\/wp-json\/wp\/v2\/product"}],"about":[{"href":"https:\/\/www.terapiaschinesas.com.br\/index.php\/wp-json\/wp\/v2\/types\/product"}],"wp:featuredmedia":[{"embeddable":true,"href":"https:\/\/www.terapiaschinesas.com.br\/index.php\/wp-json\/wp\/v2\/media\/3979"}],"wp:attachment":[{"href":"https:\/\/www.terapiaschinesas.com.br\/index.php\/wp-json\/wp\/v2\/media?parent=3978"}],"wp:term":[{"taxonomy":"product_brand","embeddable":true,"href":"https:\/\/www.terapiaschinesas.com.br\/index.php\/wp-json\/wp\/v2\/product_brand?post=3978"},{"taxonomy":"product_cat","embeddable":true,"href":"https:\/\/www.terapiaschinesas.com.br\/index.php\/wp-json\/wp\/v2\/product_cat?post=3978"},{"taxonomy":"product_tag","embeddable":true,"href":"https:\/\/www.terapiaschinesas.com.br\/index.php\/wp-json\/wp\/v2\/product_tag?post=3978"}],"curies":[{"name":"wp","href":"https:\/\/api.w.org\/{rel}","templated":true}]}}