{"id":3982,"date":"2026-05-06T11:31:15","date_gmt":"2026-05-06T14:31:15","guid":{"rendered":"https:\/\/www.terapiaschinesas.com.br\/?post_type=product&#038;p=3982"},"modified":"2026-05-11T11:12:56","modified_gmt":"2026-05-11T14:12:56","slug":"3982","status":"publish","type":"product","link":"https:\/\/www.terapiaschinesas.com.br\/index.php\/produto\/3982\/","title":{"rendered":"O Decl\u00ednio da Sa\u00fade no uso das Canetas Emagrecedoras"},"content":{"rendered":"<p><img fetchpriority=\"high\" decoding=\"async\" class=\"alignleft size-medium wp-image-3983\" src=\"https:\/\/www.terapiaschinesas.com.br\/wp-content\/uploads\/2026\/05\/Canetas-Produto-300x300.png\" alt=\"\" width=\"300\" height=\"300\" srcset=\"https:\/\/www.terapiaschinesas.com.br\/wp-content\/uploads\/2026\/05\/Canetas-Produto-300x300.png 300w, https:\/\/www.terapiaschinesas.com.br\/wp-content\/uploads\/2026\/05\/Canetas-Produto-150x150.png 150w, https:\/\/www.terapiaschinesas.com.br\/wp-content\/uploads\/2026\/05\/Canetas-Produto-768x768.png 768w, https:\/\/www.terapiaschinesas.com.br\/wp-content\/uploads\/2026\/05\/Canetas-Produto-75x75.png 75w, https:\/\/www.terapiaschinesas.com.br\/wp-content\/uploads\/2026\/05\/Canetas-Produto-600x600.png 600w, https:\/\/www.terapiaschinesas.com.br\/wp-content\/uploads\/2026\/05\/Canetas-Produto-100x100.png 100w, https:\/\/www.terapiaschinesas.com.br\/wp-content\/uploads\/2026\/05\/Canetas-Produto.png 1000w\" sizes=\"(max-width: 300px) 100vw, 300px\" \/>Estamos vivendo uma epidemia descontrolada no uso das canetas emagrecedoras. Elas possuem impactos grav\u00edssimos na fisiologia, que v\u00e3o se revelando em camadas, chegando a sequelas irrevers\u00edveis. N\u00f3s, como profissionais de Medicina Chinesa, precisamos alertar a popula\u00e7\u00e3o, trazendo mais lucidez para a decis\u00e3o de uso mais consciente e tamb\u00e9m estarmos preparados para enfrentarmos essa complexidade na nossa pr\u00e1tica cl\u00ednica, tendo ferramentas que possam reduzir os danos para os pacientes em uso dessas medica\u00e7\u00f5es.<\/p>\n<p>Com esse objetivo, realizei essa aula online com estudantes e profissionais de Medicina Chinesa. Na primeira metade da aula, tivemos uma conversa voltada para o p\u00fablico leigo, explicando os impactos na sa\u00fade do uso das medica\u00e7\u00f5es. A segunda metade da aula foi voltada para a discuss\u00e3o t\u00e9cnica dos Padr\u00f5es envolvidos, e como podemos minimiz\u00e1-los atrav\u00e9s da Acupuntura, Tui Na e Fitoterapia.<\/p>\n<p>Voc\u00ea pode realizar tamb\u00e9m sua compra desta aula atrav\u00e9s do Whatsapp: 11 99454-5359.<\/p>\n","protected":false},"excerpt":{"rendered":"<p>Na primeira metade da aula, tivemos uma conversa voltada para o p\u00fablico leigo, explicando os impactos na sa\u00fade do uso das medica\u00e7\u00f5es. A segunda metade da aula foi voltada para a discuss\u00e3o t\u00e9cnica dos Padr\u00f5es envolvidos, e como podemos minimiz\u00e1-los atrav\u00e9s da Acupuntura, Tui Na e Fitoterapia.<\/p>\n","protected":false},"featured_media":3983,"template":"","meta":[],"product_brand":[],"product_cat":[459],"product_tag":[461,592,507,493,593,594,595],"class_list":{"0":"post-3982","1":"product","2":"type-product","3":"status-publish","4":"has-post-thumbnail","6":"product_cat-sem-categoria","7":"product_tag-acupuntura","8":"product_tag-canetas-emagrecedoras","9":"product_tag-fitoterapia","10":"product_tag-medicina-chinesa","11":"product_tag-obesidade","12":"product_tag-sistema-endocrino","13":"product_tag-sobrepeso","15":"first","16":"instock","17":"shipping-taxable","18":"purchasable","19":"product-type-simple"},"acf":[],"jetpack_sharing_enabled":true,"_links":{"self":[{"href":"https:\/\/www.terapiaschinesas.com.br\/index.php\/wp-json\/wp\/v2\/product\/3982","targetHints":{"allow":["GET"]}}],"collection":[{"href":"https:\/\/www.terapiaschinesas.com.br\/index.php\/wp-json\/wp\/v2\/product"}],"about":[{"href":"https:\/\/www.terapiaschinesas.com.br\/index.php\/wp-json\/wp\/v2\/types\/product"}],"wp:featuredmedia":[{"embeddable":true,"href":"https:\/\/www.terapiaschinesas.com.br\/index.php\/wp-json\/wp\/v2\/media\/3983"}],"wp:attachment":[{"href":"https:\/\/www.terapiaschinesas.com.br\/index.php\/wp-json\/wp\/v2\/media?parent=3982"}],"wp:term":[{"taxonomy":"product_brand","embeddable":true,"href":"https:\/\/www.terapiaschinesas.com.br\/index.php\/wp-json\/wp\/v2\/product_brand?post=3982"},{"taxonomy":"product_cat","embeddable":true,"href":"https:\/\/www.terapiaschinesas.com.br\/index.php\/wp-json\/wp\/v2\/product_cat?post=3982"},{"taxonomy":"product_tag","embeddable":true,"href":"https:\/\/www.terapiaschinesas.com.br\/index.php\/wp-json\/wp\/v2\/product_tag?post=3982"}],"curies":[{"name":"wp","href":"https:\/\/api.w.org\/{rel}","templated":true}]}}