{"id":3993,"date":"2026-05-11T11:17:06","date_gmt":"2026-05-11T14:17:06","guid":{"rendered":"https:\/\/www.terapiaschinesas.com.br\/?post_type=product&#038;p=3993"},"modified":"2026-05-11T11:17:07","modified_gmt":"2026-05-11T14:17:07","slug":"violencia-contra-as-mulheres","status":"publish","type":"product","link":"https:\/\/www.terapiaschinesas.com.br\/index.php\/produto\/violencia-contra-as-mulheres\/","title":{"rendered":"Viol\u00eancia Contra as Mulheres"},"content":{"rendered":"<p><img fetchpriority=\"high\" decoding=\"async\" class=\"alignleft size-medium wp-image-3994\" src=\"https:\/\/www.terapiaschinesas.com.br\/wp-content\/uploads\/2026\/05\/Violencia-Capa-Produto-300x300.png\" alt=\"\" width=\"300\" height=\"300\" srcset=\"https:\/\/www.terapiaschinesas.com.br\/wp-content\/uploads\/2026\/05\/Violencia-Capa-Produto-300x300.png 300w, https:\/\/www.terapiaschinesas.com.br\/wp-content\/uploads\/2026\/05\/Violencia-Capa-Produto-150x150.png 150w, https:\/\/www.terapiaschinesas.com.br\/wp-content\/uploads\/2026\/05\/Violencia-Capa-Produto-768x768.png 768w, https:\/\/www.terapiaschinesas.com.br\/wp-content\/uploads\/2026\/05\/Violencia-Capa-Produto-75x75.png 75w, https:\/\/www.terapiaschinesas.com.br\/wp-content\/uploads\/2026\/05\/Violencia-Capa-Produto-600x600.png 600w, https:\/\/www.terapiaschinesas.com.br\/wp-content\/uploads\/2026\/05\/Violencia-Capa-Produto-100x100.png 100w, https:\/\/www.terapiaschinesas.com.br\/wp-content\/uploads\/2026\/05\/Violencia-Capa-Produto.png 1000w\" sizes=\"(max-width: 300px) 100vw, 300px\" \/>A viol\u00eancia contra as mulheres \u00e9 uma epidemia com ra\u00edzes estruturais. Os casos tem se tornado mais numerosos, violentos, expl\u00edcitos e aterradores. Apesar de um tema complexo e multifatorial, a vis\u00e3o taoista, que norteia a Medicina Chinesa, sobre rela\u00e7\u00f5es patol\u00f3gicas, saud\u00e1veis, adoecimento e amadurecimento pode trazer alguma luz a essa terr\u00edvel obscuridade.<\/p>\n<p>Com esse objetivo, realizei essa aula online para estudantes e profissionais de Medicina Chinesa, aprofundando em:<\/p>\n<ul>\n<li><span class=\"a_GcMg font-feature-liga-off font-feature-clig-off font-feature-calt-off text-decoration-none text-strikethrough-none\">Os medos e inseguran\u00e7as como geradores de viol\u00eancia nos homens;<\/span><\/li>\n<li><span class=\"a_GcMg font-feature-liga-off font-feature-clig-off font-feature-calt-off text-decoration-none text-strikethrough-none\">A agressividade agravando as obscuridades internas;<\/span><\/li>\n<li><span class=\"a_GcMg font-feature-liga-off font-feature-clig-off font-feature-calt-off text-decoration-none text-strikethrough-none\">A constru\u00e7\u00e3o da capacidade de auto-controle;<\/span><\/li>\n<li><span class=\"a_GcMg font-feature-liga-off font-feature-clig-off font-feature-calt-off text-decoration-none text-strikethrough-none\">O papel da pornografia;<\/span><\/li>\n<li><span class=\"a_GcMg font-feature-liga-off font-feature-clig-off font-feature-calt-off text-decoration-none text-strikethrough-none\">A educa\u00e7\u00e3o masculina por homens de refer\u00eancia;<\/span><\/li>\n<li><span class=\"a_GcMg font-feature-liga-off font-feature-clig-off font-feature-calt-off text-decoration-none text-strikethrough-none\">Como podemos colaborar com os homens clinicamente pelas ferramentas da Medicina Chinesa.<\/span><\/li>\n<\/ul>\n","protected":false},"excerpt":{"rendered":"<ul>\n<li><span class=\"a_GcMg font-feature-liga-off font-feature-clig-off font-feature-calt-off text-decoration-none text-strikethrough-none\">Os medos e inseguran\u00e7as como geradores de viol\u00eancia nos homens;<\/span><\/li>\n<li><span class=\"a_GcMg font-feature-liga-off font-feature-clig-off font-feature-calt-off text-decoration-none text-strikethrough-none\">A agressividade agravando as obscuridades internas;<\/span><\/li>\n<li><span class=\"a_GcMg font-feature-liga-off font-feature-clig-off font-feature-calt-off text-decoration-none text-strikethrough-none\">A constru\u00e7\u00e3o da capacidade de auto-controle;<\/span><\/li>\n<li><span class=\"a_GcMg font-feature-liga-off font-feature-clig-off font-feature-calt-off text-decoration-none text-strikethrough-none\">O papel da pornografia;<\/span><\/li>\n<li><span class=\"a_GcMg font-feature-liga-off font-feature-clig-off font-feature-calt-off text-decoration-none text-strikethrough-none\">A educa\u00e7\u00e3o masculina por homens de refer\u00eancia;<\/span><\/li>\n<li><span class=\"a_GcMg font-feature-liga-off font-feature-clig-off font-feature-calt-off text-decoration-none text-strikethrough-none\">Como podemos colaborar com os homens clinicamente pelas ferramentas da Medicina Chinesa.<\/span><\/li>\n<\/ul>\n","protected":false},"featured_media":3994,"template":"","meta":[],"product_brand":[],"product_cat":[459],"product_tag":[597,599,492,598,493,512,580,596,600],"class_list":{"0":"post-3993","1":"product","2":"type-product","3":"status-publish","4":"has-post-thumbnail","6":"product_cat-sem-categoria","7":"product_tag-feminicidio","8":"product_tag-homens","9":"product_tag-i-ching","10":"product_tag-masculinidade","11":"product_tag-medicina-chinesa","12":"product_tag-tao","13":"product_tag-taoismo","14":"product_tag-violencia","15":"product_tag-y","17":"first","18":"instock","19":"shipping-taxable","20":"purchasable","21":"product-type-simple"},"acf":[],"jetpack_sharing_enabled":true,"_links":{"self":[{"href":"https:\/\/www.terapiaschinesas.com.br\/index.php\/wp-json\/wp\/v2\/product\/3993","targetHints":{"allow":["GET"]}}],"collection":[{"href":"https:\/\/www.terapiaschinesas.com.br\/index.php\/wp-json\/wp\/v2\/product"}],"about":[{"href":"https:\/\/www.terapiaschinesas.com.br\/index.php\/wp-json\/wp\/v2\/types\/product"}],"wp:featuredmedia":[{"embeddable":true,"href":"https:\/\/www.terapiaschinesas.com.br\/index.php\/wp-json\/wp\/v2\/media\/3994"}],"wp:attachment":[{"href":"https:\/\/www.terapiaschinesas.com.br\/index.php\/wp-json\/wp\/v2\/media?parent=3993"}],"wp:term":[{"taxonomy":"product_brand","embeddable":true,"href":"https:\/\/www.terapiaschinesas.com.br\/index.php\/wp-json\/wp\/v2\/product_brand?post=3993"},{"taxonomy":"product_cat","embeddable":true,"href":"https:\/\/www.terapiaschinesas.com.br\/index.php\/wp-json\/wp\/v2\/product_cat?post=3993"},{"taxonomy":"product_tag","embeddable":true,"href":"https:\/\/www.terapiaschinesas.com.br\/index.php\/wp-json\/wp\/v2\/product_tag?post=3993"}],"curies":[{"name":"wp","href":"https:\/\/api.w.org\/{rel}","templated":true}]}}